{"id":2,"date":"2025-03-26T15:03:43","date_gmt":"2025-03-26T14:03:43","guid":{"rendered":"http:\/\/fromkiddietorobot.fr\/?page_id=2"},"modified":"2025-03-27T19:39:17","modified_gmt":"2025-03-27T18:39:17","slug":"page-d-exemple","status":"publish","type":"page","link":"https:\/\/fromkiddietorobot.fr\/index.php\/page-d-exemple\/","title":{"rendered":"About me"},"content":{"rendered":"\n<blockquote class=\"wp-block-quote is-layout-flow wp-block-quote-is-layout-flow\">\n<p>&#8220;Hello friend&#8221;<\/p>\n<\/blockquote>\n\n\n\n<p>Bonjour,<\/p>\n\n\n\n<p>Je m&#8217;appelle Maxime Bazin et je suis actuellement en quatri\u00e8me ann\u00e9e de Mast\u00e8re Cyberd\u00e9fense.<br>J&#8217;ai un parcours assez &#8220;atypique&#8221; je pense pour quelqu&#8217;un dans l&#8217;informatique.<br>Dans mes ann\u00e9es lyc\u00e9e je ne savais pas vraiment o\u00f9 m&#8217;orienter. Je savais seulement que j&#8217;aimais jouer aux jeux-vid\u00e9os et c&#8217;est \u00e0 peu pr\u00e8s tout\u2026 En seconde, j&#8217;ai donc choisi d&#8217;opter pour les sp\u00e9cialit\u00e9s Sciences \u00e9conomiques et sociales (SES), Histoire-G\u00e9ographie G\u00e9opolitique et Sciences Politiques (HGGSP) ainsi que Langues Litt\u00e9rature et Cultures Etrang\u00e8res (LLCE anglais).<\/p>\n\n\n\n<p>Ayant une tr\u00e8s bonne orthographe (provenant de mon pass\u00e9 de lecteur) et une l\u00e9g\u00e8re app\u00e9tence pour la litt\u00e9rature, je m&#8217;\u00e9tais destin\u00e9 \u00e0 partir dans le domaine de la communication digitale mais sans grande conviction.<\/p>\n\n\n\n<p>C&#8217;est apr\u00e8s avoir regard\u00e9 la s\u00e9rie Mr. Robot et les techniques employ\u00e9es dans la s\u00e9rie que je me suis dis que finalement je voulais faire pareil (voil\u00e0 pourquoi j&#8217;ai choisi ce th\u00e8me pour mon blog). C&#8217;est ainsi que je me suis retrouv\u00e9 deux mois avant \u00e0 devoir trouver quelque chose dans l&#8217;informatique plus technique que commerciale.<br>J&#8217;ai finalement r\u00e9ussi \u00e0 trouver une place dans un BTS SIO option SISR.<\/p>\n\n\n\n<p>Apr\u00e8s tout cela, tout s&#8217;est encha\u00een\u00e9, une licence d&#8217;informatique g\u00e9n\u00e9rale sp\u00e9cialis\u00e9e en cybers\u00e9curit\u00e9 et enfin un Mast\u00e8re cyberd\u00e9fense.<\/p>\n\n\n\n<p>Avec toutes ces ann\u00e9es, j&#8217;ai pu \u00e9toffer mon projet professionnel, en gardant en vue ce pour quoi je m&#8217;\u00e9tais lanc\u00e9 dans l&#8217;informatique.<br>C&#8217;est pourquoi je travaille sur ce blog et mes comp\u00e9tences en intrusion informatique afin de pouvoir un jour esp\u00e9rer devenir ing\u00e9nieur en test d&#8217;intrusion et par la suite, devenir Red Team Operator.<\/p>\n\n\n\n<p><\/p>\n\n\n\n<p>Je garderai ce blog \u00e0 jour autant que possible afin de montrer mes am\u00e9liorations en test d&#8217;intrusion et \u00e9criture de rapport. Alors si vous voulez suivre mon \u00e9volution, gardez mon site de c\u00f4t\u00e9 pour voir comme je passe d&#8217;un script kiddie \u00e0 Elliot Alderson.<br>Pour parvenir \u00e0 mes fins, je posterai des writeups de rapport sur les box que j&#8217;effectuerai afin de m&#8217;am\u00e9liorer au mieux dans les domaines techniques et r\u00e9dactionnels.<\/p>\n","protected":false},"excerpt":{"rendered":"<p>&#8220;Hello friend&#8221; Bonjour, Je m&#8217;appelle Maxime Bazin et je suis actuellement en quatri\u00e8me ann\u00e9e de Mast\u00e8re Cyberd\u00e9fense.J&#8217;ai un parcours assez &#8220;atypique&#8221; je pense pour quelqu&#8217;un dans l&#8217;informatique.Dans mes ann\u00e9es lyc\u00e9e je ne savais pas vraiment o\u00f9 m&#8217;orienter. Je savais seulement que j&#8217;aimais jouer aux jeux-vid\u00e9os et c&#8217;est \u00e0 peu pr\u00e8s tout\u2026 En seconde, j&#8217;ai donc [&hellip;]<\/p>\n","protected":false},"author":1,"featured_media":0,"parent":0,"menu_order":0,"comment_status":"closed","ping_status":"open","template":"","meta":{"footnotes":""},"class_list":["post-2","page","type-page","status-publish","hentry"],"_links":{"self":[{"href":"https:\/\/fromkiddietorobot.fr\/index.php\/wp-json\/wp\/v2\/pages\/2","targetHints":{"allow":["GET"]}}],"collection":[{"href":"https:\/\/fromkiddietorobot.fr\/index.php\/wp-json\/wp\/v2\/pages"}],"about":[{"href":"https:\/\/fromkiddietorobot.fr\/index.php\/wp-json\/wp\/v2\/types\/page"}],"author":[{"embeddable":true,"href":"https:\/\/fromkiddietorobot.fr\/index.php\/wp-json\/wp\/v2\/users\/1"}],"replies":[{"embeddable":true,"href":"https:\/\/fromkiddietorobot.fr\/index.php\/wp-json\/wp\/v2\/comments?post=2"}],"version-history":[{"count":3,"href":"https:\/\/fromkiddietorobot.fr\/index.php\/wp-json\/wp\/v2\/pages\/2\/revisions"}],"predecessor-version":[{"id":49,"href":"https:\/\/fromkiddietorobot.fr\/index.php\/wp-json\/wp\/v2\/pages\/2\/revisions\/49"}],"wp:attachment":[{"href":"https:\/\/fromkiddietorobot.fr\/index.php\/wp-json\/wp\/v2\/media?parent=2"}],"curies":[{"name":"wp","href":"https:\/\/api.w.org\/{rel}","templated":true}]}}